{"id":79,"date":"2024-05-02T05:04:48","date_gmt":"2024-05-02T03:04:48","guid":{"rendered":"https:\/\/www.xolgrimm.de\/homepage\/?page_id=79"},"modified":"2026-02-14T11:57:20","modified_gmt":"2026-02-14T10:57:20","slug":"minecraft","status":"publish","type":"page","link":"https:\/\/www.xolgrimm.de\/?page_id=79","title":{"rendered":"Minecraft"},"content":{"rendered":"<div class=\"container display-6\">\n<p>\n        Unser Minecraft-Server wurde offiziell am <strong>24.02.2018<\/strong> er\u00f6ffnet und wird seitdem<br \/>\n        kontinuierlich erweitert und gepflegt.\n    <\/p>\n<p>\n        Aktuell stehen unseren Spielern zahlreiche unterschiedliche Welten und Serverbereiche zur Verf\u00fcgung.<br \/>\n        Dazu geh\u00f6rt unter anderem ein <strong>Portalraum<\/strong>, der den schnellen und komfortablen Wechsel<br \/>\n        zwischen den einzelnen Servern erm\u00f6glicht.\n    <\/p>\n<p>\n        Im Angebot befinden sich ein klassischer <strong>Survival-Server<\/strong>, mehrere<br \/>\n        <strong>Bauwelten<\/strong> mit unterschiedlichen Spielstilen \u2013 darunter Bauwelten mit einer Gr\u00f6\u00dfe von<br \/>\n        <strong>x\/z \u00b13000 Bl\u00f6cken<\/strong> sowohl <strong>mit<\/strong> als auch <strong>ohne Monster<\/strong><br \/>\n        \u2013 sowie eine <strong>neue Bauwelt<\/strong> mit einer erweiterten Gr\u00f6\u00dfe von<br \/>\n        <strong>x\/z \u00b14000 Bl\u00f6cken<\/strong>, in der ebenfalls keine Monster spawnen.<br \/>\n        Erg\u00e4nzt wird das Angebot durch eine <strong>Miningwelt<\/strong>, eine <strong>Monsterwelt<\/strong>,<br \/>\n        sowie die klassischen Dimensionen <strong>Nether<\/strong> und <strong>End<\/strong>.\n    <\/p>\n<p>\n        Dar\u00fcber hinaus gibt es einen <strong>Kreativ-Bereich<\/strong> mit einer eigenen<br \/>\n        <strong>Bauwelt<\/strong> sowie einer separaten <strong>Testwelt<\/strong>, die zum Experimentieren und<br \/>\n        Ausprobieren neuer Ideen oder Mechaniken genutzt werden kann.\n    <\/p>\n<p>\n        Der Server wird mit g\u00e4ngiger Serversoftware wie <strong>Purpur<\/strong> oder<br \/>\n        <strong>Spigot<\/strong> betrieben \u2013 letztlich steht dabei vor allem eines im Fokus:<br \/>\n        ein stabiler und zuverl\u00e4ssig funktionierender Spielbetrieb.<br \/>\n        Aktuell l\u00e4uft der Server auf der <strong>Minecraft Java Edition Version: 1.21.8<\/strong>\n    <\/p>\n<p>\n        Ein vollst\u00e4ndig ausgebautes <strong>Bahn- und Lagersystem<\/strong> ist vorhanden und steht allen<br \/>\n        Spielern zur Verf\u00fcgung.<br \/>\n        Auf ein klassisches <strong>Wirtschaftssystem<\/strong> wird hingegen bewusst verzichtet, um den<br \/>\n        Fokus st\u00e4rker auf gemeinsames Spielen, Bauen und Erkunden zu legen.\n    <\/p>\n<\/p><\/div>\n<hr style=\"border:solid #fff 1px;\">\n<div class=\"container\">\n<h3> Videos von unserem Server:<\/h3>\n<p><iframe loading=\"lazy\" width=\"544\" height=\"306\" src=\"https:\/\/www.youtube.com\/embed\/mfs7MZ1majE?si=z04BFyNAZCYQ3EFR&#038;controls=0\" title=\"YouTube video player\" frameborder=\"0\" allow=\"accelerometer; autoplay; clipboard-write; encrypted-media; gyroscope; picture-in-picture; web-share\" referrerpolicy=\"strict-origin-when-cross-origin\" allowfullscreen><\/iframe><br \/>\n<iframe loading=\"lazy\" width=\"544\" height=\"306\" src=\"https:\/\/www.youtube.com\/embed\/mhlHc2FUxBc?si=3b14nOhD_pQc4bYt&#038;controls=0\" title=\"YouTube video player\" frameborder=\"0\" allow=\"accelerometer; autoplay; clipboard-write; encrypted-media; gyroscope; picture-in-picture; web-share\" referrerpolicy=\"strict-origin-when-cross-origin\" allowfullscreen><\/iframe>\n\t<\/div>\n","protected":false},"excerpt":{"rendered":"<p>Unser Minecraft-Server wurde offiziell am 24.02.2018 er\u00f6ffnet und wird seitdem kontinuierlich erweitert und gepflegt. Aktuell stehen unseren Spielern zahlreiche unterschiedliche Welten und Serverbereiche zur Verf\u00fcgung. Dazu geh\u00f6rt unter anderem ein Portalraum, der den schnellen und komfortablen Wechsel zwischen den einzelnen Servern erm\u00f6glicht. Im Angebot befinden sich ein klassischer Survival-Server, mehrere Bauwelten mit unterschiedlichen Spielstilen \u2013 [&hellip;]<\/p>\n","protected":false},"author":1,"featured_media":0,"parent":0,"menu_order":0,"comment_status":"closed","ping_status":"closed","template":"","meta":{"saved_in_kubio":true,"jetpack_post_was_ever_published":false,"footnotes":""},"class_list":["post-79","page","type-page","status-publish","hentry"],"kubio_ai_page_context":{"short_desc":"","purpose":"general"},"jetpack-related-posts":[],"jetpack_likes_enabled":false,"jetpack_sharing_enabled":false,"jetpack_shortlink":"https:\/\/wp.me\/PfJYst-1h","_links":{"self":[{"href":"https:\/\/www.xolgrimm.de\/index.php?rest_route=\/wp\/v2\/pages\/79","targetHints":{"allow":["GET"]}}],"collection":[{"href":"https:\/\/www.xolgrimm.de\/index.php?rest_route=\/wp\/v2\/pages"}],"about":[{"href":"https:\/\/www.xolgrimm.de\/index.php?rest_route=\/wp\/v2\/types\/page"}],"author":[{"embeddable":true,"href":"https:\/\/www.xolgrimm.de\/index.php?rest_route=\/wp\/v2\/users\/1"}],"replies":[{"embeddable":true,"href":"https:\/\/www.xolgrimm.de\/index.php?rest_route=%2Fwp%2Fv2%2Fcomments&post=79"}],"version-history":[{"count":14,"href":"https:\/\/www.xolgrimm.de\/index.php?rest_route=\/wp\/v2\/pages\/79\/revisions"}],"predecessor-version":[{"id":397,"href":"https:\/\/www.xolgrimm.de\/index.php?rest_route=\/wp\/v2\/pages\/79\/revisions\/397"}],"wp:attachment":[{"href":"https:\/\/www.xolgrimm.de\/index.php?rest_route=%2Fwp%2Fv2%2Fmedia&parent=79"}],"curies":[{"name":"wp","href":"https:\/\/api.w.org\/{rel}","templated":true}]}}